16
What is the remainder when 424 is divided by 144?
136
What is the remainder when 2845 is divided by 28?
17
What is the remainder when 8 is divided by 6?
2
Calculate the remainder when 634 is divided by 291.
52
What is the remainder when 128 is divided by 22?
18
Calculate the remainder when 127 is divided by 34.
25
What is the remainder when 402 is divided by 58?
54
What is the remainder when 184 is divided by 67?
50
What is the remainder when 38 is divided by 18?
2
Calculate the remainder when 892 is divided by 15.
7
What is the remainder when 144 is divided by 71?
2
What is the remainder when 216 is divided by 83?
50
What is the remainder when 1695 is divided by 212?
211
What is the remainder when 196 is divided by 18?
16
What is the remainder when 381 is divided by 43?
37
What is the remainder when 1174 is divided by 4?
2
Calculate the remainder when 1351 is divided by 136.
127
What is the remainder when 302 is divided by 137?
28
What is the remainder when 2858 is divided by 8?
2
Calculate the remainder when 254 is divided by 35.
9
What is the remainder when 220 is divided by 45?
40
Calculate the remainder when 3187 is divided by 21.
16
What is the remainder when 132 is divided by 19?
18
What is the remainder when 3745 is divided by 3744?
1
What is the remainder when 48 is divided by 6?
0
What is the remainder when 86 is divided by 11?
9
What is the remainder when 87 is divided by 38?
11
What is the remainder when 1450 is divided by 482?
4
What is the remainder when 370 is divided by 34?
30
What is the remainder when 63 is divided by 38?
25
What is the remainder when 5541 is divided by 14?
11
What is the remainder when 201 is divided by 53?
42
What is the remainder when 1268 is divided by 67?
62
What is the remainder when 1771 is divided by 71?
67
Calculate the remainder when 189 is divided by 11.
2
Calculate the remainder when 5767 is divided by 21.
13
Calculate the remainder when 1159 is divided by 12.
7
What is the remainder when 2935 is divided by 195?
10
What is the remainder when 7294 is divided by 2428?
10
What is the remainder when 6440 is divided by 2144?
8
Calculate the remainder when 1500 is divided by 116.
108
What is the remainder when 338 is divided by 31?
28
What is the remainder when 11033 is divided by 138?
131
What is the remainder when 1971 is divided by 58?
57
What is the remainder when 401 is divided by 42?
23
Calculate the remainder when 311 is divided by 20.
11
Calculate the remainder when 38 is divided by 35.
3
What is the remainder when 487 is divided by 58?
23
Calculate the remainder when 1133 is divided by 140.
13
What is the remainder when 625 is divided by 17?
13
What is the remainder when 196 is divided by 175?
21
Calculate the remainder when 36 is divided by 19.
17
What is the remainder when 410 is divided by 59?
56
Calculate the remainder when 2394 is divided by 239.
4
What is the remainder when 772 is divided by 86?
84
Calculate the remainder when 155 is divided by 75.
5
What is the remainder when 38 is divided by 7?
3
Calculate the remainder when 2688 is divided by 150.
138
What is the remainder when 1427 is divided by 4?
3
Calculate the remainder when 18 is divided by 16.
2
Calculate the remainder when 2447 is divided by 50.
47
Calculate the remainder when 1117 is divided by 49.
39
What is the remainder when 389 is divided by 20?
9
What is the remainder when 174 is divided by 154?
20
What is the remainder when 133 is divided by 17?
14
Calculate the remainder when 212 is divided by 24.
20
Calculate the remainder when 10106 is divided by 18.
8
Calculate the remainder when 101 is divided by 52.
49
Calculate the remainder when 4194 is divided by 105.
99
Calculate the remainder when 1121 is divided by 15.
11
Calculate the remainder when 57 is divided by 30.
27
What is the remainder when 147 is divided by 83?
64
Calculate the remainder when 45 is divided by 45.
0
What is the remainder when 752 is divided by 131?
97
Calculate the remainder when 95 is divided by 51.
44
Calculate the remainder when 406 is divided by 38.
26
Calculate the remainder when 781 is divided by 95.
21
Calculate the remainder when 3593 is divided by 1194.
11
What is the remainder when 2406 is divided by 21?
12
Calculate the remainder when 45 is divided by 25.
20
What is the remainder when 916 is divided by 71?
64
What is the remainder when 91 is divided by 48?
43
What is the remainder when 578 is divided by 102?
68
What is the remainder when 69429 is divided by 106?
105
What is the remainder when 85 is divided by 18?
13
What is the remainder when 7039 is divided by 55?
54
Calculate the remainder when 257 is divided by 65.
62
Calculate the remainder when 1405 is divided by 362.
319
What is the remainder when 11132 is divided by 17?
14
What is the remainder when 4305 is divided by 1075?
5
Calculate the remainder when 155 is divided by 32.
27
Calculate the remainder when 294 is divided by 37.
35
Calculate the remainder when 95 is divided by 89.
6
Calculate the remainder when 159 is divided by 8.
7
Calculate the remainder when 626 is divided by 12.
2
Calculate the remainder when 272 is divided by 97.
78
What is the remainder when 159 is divided by 18?
15
What is the remainder when 1009 is divided by 98?
29
Calculate the remainder when 302 is divided by 28.
22
What is the remainder when 3194 is divided by 26?
22
What is the remainder when 136 is divided by 20?
16
What is the remainder when 375 is divided by 20?
15
What is the remainder when 447 is divided by 404?
43
What is the remainder when 2725 is divided by 124?
121
Calculate the remainder when 167 is divided by 56.
55
Calculate the remainder when 606 is divided by 32.
30
What is the remainder when 294 is divided by 11?
8
What is the remainder when 12267 is divided by 15?
12
What is the remainder when 539 is divided by 522?
17
Calculate the remainder when 18 is divided by 13.
5
Calculate the remainder when 935 is divided by 78.
77
What is the remainder when 10230 is divided by 17?
13
What is the remainder when 1282 is divided by 90?
22
What is the remainder when 379 is divided by 10?
9
What is the remainder when 478 is divided by 100?
78
Calculate the remainder when 175 is divided by 22.
21
Calculate the remainder when 241 is divided by 23.
11
Calculate the remainder when 925 is divided by 58.
55
What is the remainder when 5362 is divided by 12?
10
What is the remainder when 1548 is divided by 60?
48
What is the remainder when 2987 is divided by 49?
47
Calculate the remainder when 29 is divided by 13.
3
What is the remainder when 8611 is divided by 2152?
3
What is the remainder when 1360 is divided by 44?
40
Calculate the remainder when 581 is divided by 113.
16
Calculate the remainder when 316 is divided by 64.
60
What is the remainder when 2362 is divided by 34?
16
Calculate the remainder when 3 is divided by 3.
0
What is the remainder when 156 is divided by 107?
49
What is the remainder when 8315 is divided by 77?
76
What is the remainder when 396 is divided by 220?
176
Calculate the remainder when 46 is divided by 13.
7
What is the remainder when 137 is divided by 38?
23
Calculate the remainder when 198 is divided by 80.
38
What is the remainder when 2538 is divided by 79?
10
What is the remainder when 4619 is divided by 70?
69
What is the remainder when 30 is divided by 17?
13
What is the remainder when 5318 is divided by 64?
6
What is the remainder when 408 is divided by 297?
111
What is the remainder when 524 is divided by 257?
10
What is the remainder when 852 is divided by 20?
12
What is the remainder when 431 is divided by 153?
125
Calculate the remainder when 773 is divided by 86.
85
What is the remainder when 193 is divided by 9?
4
Calculate the remainder when 1399 is divided by 35.
34
What is the remainder when 846 is divided by 179?
130
What is the remainder when 185 is divided by 21?
17
What is the remainder when 29 is divided by 9?
2
What is the remainder when 3612 is divided by 77?
70
Calculate the remainder when 2097 is divided by 20.
17
What is the remainder when 2355 is divided by 38?
37
What is the remainder when 3057 is divided by 33?
21
Calculate the remainder when 79 is divided by 22.
13
What is the remainder when 53651 is divided by 17?
16
What is the remainder